sands digit of 3419777527?
7
What is the tens digit of 68060501?
0
What is the ten thousands digit of 704910272?
1
What is the millions digit of 78853740?
8
What is the millions digit of 194322634?
4
What is the thousands digit of 33106774?
6
What is the hundreds digit of 5104930?
9
What is the ten thousands digit of 388910245?
1
What is the ten thousands digit of 685484419?
8
What is the ten thousands digit of 126774462?
7
What is the units digit of 673317402?
2
What is the thousands digit of 17715073?
5
What is the ten thousands digit of 37782573?
8
What is the millions digit of 488791709?
8
What is the ten thousands digit of 214098348?
9
What is the thousands digit of 1045310930?
0
What is the ten millions digit of 1230904094?
3
What is the hundreds digit of 288151067?
0
What is the ten millions digit of 201906493?
0
What is the ten thousands digit of 59737952?
3
What is the hundred thousands digit of 1455195259?
1
What is the hundred thousands digit of 312385585?
3
What is the ten thousands digit of 36683325?
8
What is the ten thousands digit of 19147823?
4
What is the tens digit of 47145424?
2
What is the hundreds digit of 728159064?
0
What is the hundred thousands digit of 1332009161?
0
What is the ten thousands digit of 1051139974?
3
What is the hundreds digit of 134455121?
1
What is the tens digit of 6623254277?
7
What is the hundreds digit of 1900577647?
6
What is the hundred millions digit of 3093719184?
0
What is the hundreds digit of 648144672?
6
What is the hundreds digit of 80395351?
3
What is the millions digit of 19509788?
9
What is the millions digit of 120318648?
0
What is the ten thousands digit of 583764390?
6
What is the billions digit of 2660926796?
2
What is the tens digit of 217900201?
0
What is the tens digit of 55518238?
3
What is the thousands digit of 1991368344?
8
What is the units digit of 86155688?
8
What is the hundred millions digit of 1657159378?
6
What is the ten millions digit of 396957826?
9
What is the units digit of 3403409087?
7
What is the thousands digit of 68640574?
0
What is the units digit of 224104811?
1
What is the thousands digit of 610011044?
1
What is the thousands digit of 1024943714?
3
What is the tens digit of 453963710?
1
What is the millions digit of 154653814?
4
What is the hundred millions digit of 1231929300?
2
What is the hundreds digit of 21052098?
0
What is the thousands digit of 706010638?
0
What is the ten thousands digit of 1904485036?
8
What is the hundreds digit of 3221263452?
4
What is the millions digit of 3071812410?
1
What is the ten millions digit of 754881648?
5
What is the ten thousands digit of 85495004?
9
What is the hundreds digit of 113975843?
8
What is the millions digit of 110008024?
0
What is the ten thousands digit of 184443511?
4
What is the thousands digit of 306092376?
2
What is the thousands digit of 13493170?
3
What is the tens digit of 5205587094?
9
What is the millions digit of 382370904?
2
What is the hundred thousands digit of 802601813?
6
What is the ten thousands digit of 13996417?
9
What is the thousands digit of 926872505?
2
What is the thousands digit of 4063448651?
8
What is the hundreds digit of 70874841?
8
What is the hundred thousands digit of 3699395?
6
What is the ten millions digit of 174556277?
7
What is the ten millions digit of 74466992?
7
What is the units digit of 82260230?
0
What is the ten millions digit of 168521529?
6
What is the ten millions digit of 198217586?
9
What is the hundred millions digit of 867707213?
8
What is the hundred millions digit of 1025578874?
0
What is the ten millions digit of 122379807?
2
What is the ten thousands digit of 43146328?
4
What is the hundred thousands digit of 82929546?
9
What is the ten millions digit of 25225607?
2
What is the hundred millions digit of 9016983027?
0
What is the ten thousands digit of 864022051?
2
What is the ten millions digit of 51726780?
5
What is the units digit of 457199058?
8
What is the thousands digit of 313902175?
2
What is the hundreds digit of 4164683020?
0
What is the thousands digit of 129835147?
5
What is the tens digit of 4032086957?
5
What is the hundred thousands digit of 102364073?
3
What is the units digit of 163999602?
2
What is the thousands digit of 21438990?
8
What is the units digit of 22152885?
5
What is the ten millions digit of 5305088455?
0
What is the hundreds digit of 1633684542?
5
What is the hundred thousands digit of 45315421?
3
What is the tens digit of 29353702?
0
What is the ten millions digit of 22084179?
2
What is the billions digit of 2531296162?
2
What is the ten millions digit of 4756455158?
5
What is the millions digit of 12495880?
2
What is the ten thousands digit of 1552803072?
0
What is the tens digit of 143901429?
2
What is the ten thousands digit of 110569852?
6
What is the ten thousands digit of 177274458?
7
What is the units digit of 111023370?
0
What is the units digit of 66644676?
6
What is the hundreds digit of 511274999?
9
What is the hundred thousands digit of 54950635?
9
What is the hundred thousands digit of 2151272771?
2
What is the thousands digit of 537513061?
3
What is the tens digit of 4031888542?
4
What is the hundred thousands digit of 27676766?
6
What is the ten thousands digit of 604666820?
6
What is the millions digit of 4025752608?
5
What is the hundred thousands digit of 6549495?
5
What is the millions digit of 153721225?
3
What is the ten thousands digit of 95902519?
0
What is the ten millions digit of 32307824?
3
What is the hundred thousands digit of 100156206?
1
What is the millions digit of 93694138?
3
What is the thousands digit of 1586054688?
4
What is the tens digit of 336612374?
7
What is the ten millions digit of 5438822960?
3
What is the thousands digit of 137194517?
4
What is the ten millions digit of 1570784278?
7
What is the hundreds digit of 572562040?
0
What is the thousands digit of 2801715782?
5
What is the tens digit of 34183063?
6
What is the thousands digit of 23821715?
1
What is the tens digit of 100552373?
7
What is the hundred thousands digit of 9989937?
9
What is the units digit of 19065608?
8
What is the millions digit of 121837515?
1
What is the hundreds digit of 3861475592?
5
What is the millions digit of 103517240?
3
What is the millions digit of 29752355?
9
What is the units digit of 5353263423?
3
What is the ten thousands digit of 556720570?
2
What is the units digit of 1486452920?
0
What is the millions digit of 15373782?
5
What is the thousands digit of 281412793?
2
What is the millions digit of 321814217?
1
What is the hundreds digit of 5011308089?
0
What is the hundred thousands digit of 511821974?
8
What is the hundred thousands digit of 37911592?
9
What is the ten millions digit of 948057086?
4
What is the ten thousands digit of 312062209?
6
What is the tens digit of 2816204152?
5
What is the hundreds digit of 805338445?
4
What is the ten millions digit of 15727235?
1
What is the hundred millions digit of 176527976?
1
What is the billions digit of 3785061451?
3
What is the ten millions digit of 30599753?
3
What is the units digit of 367531276?
6
What is the units digit of 63340615?
5
What is the billions digit of 2490730290?
2
What is the ten millions digit of 55217423?
5
What is the ten thousands digit of 139399562?
9
What is the millions digit of 17259315?
7
What is the millions digit of 12881755?
2
What is the units digit of 22384987?
7
What is the hundred thousands digit of 421753790?
7
What is the units digit of 195750360?
0
What is the thousands digit of 2996006759?
6
What is the ten millions digit of 160430025?
6
What is the hundred thousands digit of 626569988?
5
What is the ten thousands digit of 575575756?
7
What is the units digit of 1994997834?
4
What is the hundred millions digit of 273287471?
2
What is the hundred thousands digit of 109456440?
4
What is the hundreds digit of 6644614212?
2
What is the ten millions digit of 162152262?
6
What is the units digit of 56706345?
5
What is the tens digit of 609859589?
8
What is the tens digit of 246269164?
6
What is the thousands digit of 541332692?
2
What is the ten thousands digit of 52043549?
4
What is the units digit of 4372585114?
4
What is the hundred thousands digit of 61688850?
6
What is the thousands digit of 